{"id":793,"date":"2018-08-30T18:31:32","date_gmt":"2018-08-30T21:31:32","guid":{"rendered":"https:\/\/isfdcytlblanca-for.infd.edu.ar\/sitio\/ubicacion\/"},"modified":"2020-04-02T14:58:11","modified_gmt":"2020-04-02T17:58:11","slug":"ubicacion","status":"publish","type":"page","link":"https:\/\/isfdcytlblanca-for.infd.edu.ar\/sitio\/ubicacion\/","title":{"rendered":"Ubicaci\u00f3n"},"content":{"rendered":"<p><span style=\"color: #cc0000; font-family: arial,helvetica,sans-serif; font-size: 12pt;\"><strong>UBICACI\u00d3N DEL INSTITUTO <\/strong><\/span><\/p>\n<p>Laguna Blanca se encuentra \u00a0ubicada en el \u00a0Noreste de la Provincia de Formosa, integra el Departamento Pilcomayo junto a la Ciudad de Clorinda (Ciudad Cabecera\u00a0 del departamento), Riacho He H\u00e9, Laguna Naineck, y la localidad de Siete\u00a0 Palmas conformando una amplia zona de influencia\u00a0 y de articulaci\u00f3n. Entre otras caracter\u00edsticas comunes, que va m\u00e1s all\u00e1 del l\u00edmite departamental es\u00a0 la\u00a0\u00a0 interacci\u00f3n\u00a0 con otras\u00a0 localidades vecinas y cercanas como ser:\u00a0 Buena Vista, Tres Lagunas, El Espinillo, Misi\u00f3n Tacaagl\u00e9, General\u00a0 Belgrano, Villa General G\u00fcemes,\u00a0 Colonia Aborigen La Primavera, entre otras colonias o parajes aleda\u00f1os.<\/p>\n<p>En este contexto, el I.S.F.D.C.y T \u201cPte. Juan Domingo Per\u00f3n\u201d de la Ciudad de Laguna Blanca\u00a0 se convierte en el centro neur\u00e1lgico educativo de la regi\u00f3n por su calidad, prestigio\u00a0 y excelencia educativa.<\/p>\n<p><span style=\"font-family: arial,helvetica,sans-serif; font-size: 12pt;\">\u00a0<\/span><\/p>\n<p><span style=\"font-family: Times New Roman;\"><span style=\"font-size: 12pt;\"><span style=\"font-family: arial,helvetica,sans-serif;\">Forma parte de una zona fronteriza, ubicada a 97 Km de la ciudad de Asunci\u00f3n, capital de la Rep\u00fablica del Paraguay<\/span>.<\/span><\/span><\/p>\n<p>&nbsp;<\/p>\n<p><img decoding=\"async\" loading=\"lazy\" class=\"\" src=\"https:\/\/isfdcytlblanca-for.infd.edu.ar\/sitio\/wp-content\/uploads\/2018\/08\/vista_en_la_prov_1.jpg\" alt=\"vista\" width=\"643\" height=\"544\" border=\"0\" \/><\/p>\n<p>&nbsp;<\/p>\n<p><span style=\"font-family: Times New Roman; font-size: 12pt;\"><span style=\"font-family: Times New Roman; font-size: 12pt;\"><span style=\"font-family: arial,helvetica,sans-serif;\">La poblaci\u00f3n, seg\u00fan el \u00faltimo Censo poblacional,\u00a0 cuenta con una poblaci\u00f3n de 7.411 habitantes (INDEC 2010), con proyecciones estad\u00edsticas que para el pr\u00f3ximo censo supere los 10.000 habitantes. <\/span><\/span><\/span><\/p>\n<p><span style=\"font-family: Times New Roman; font-size: 12pt;\"><span style=\"font-family: Times New Roman; font-size: 12pt;\"><span style=\"font-family: arial,helvetica,sans-serif;\">A la Ciudad, se puede acceder por la Ruta Nacional N\u00b0 86 \u201cDocentes Argentinos\u201d haciendo una\u00a0 distancia de\u00a0 180 Km. de la ciudad de Formosa Capital por Ruta Nacional. N\u00b0 11;\u00a0 o bien por Ruta Provincial N\u00b0 2 haciendo una distancia de 140 Km.<\/span><\/span><\/span><\/p>\n<p><span style=\"font-family: arial,helvetica,sans-serif;\">\u00a0<\/span><\/p>\n<p><img decoding=\"async\" loading=\"lazy\" class=\"\" src=\"https:\/\/isfdcytlblanca-for.infd.edu.ar\/sitio\/wp-content\/uploads\/2018\/08\/Laguna_2.jpg\" alt=\"vista complejo\" width=\"465\" height=\"394\" border=\"0\" \/><\/p>\n<p>Actualmente el I.S.F.D.C.y T \u201cPte Juan Domingo Per\u00f3n\u201d funciona en el Complejo Educativo N\u00ba 1,\u00a0 ubicado \u00a0al noroeste\u00a0 de la Ciudad de Laguna Blanca sobre la Av. N\u00e9stor Kirchner.<\/p>\n<p><span style=\"font-family: arial,helvetica,sans-serif; font-size: 12pt;\">\u00a0<\/span><\/p>\n<div style=\"text-align: center;\"><span style=\"font-family: arial,helvetica,sans-serif; font-size: 12pt;\"><img decoding=\"async\" loading=\"lazy\" class=\"\" src=\"https:\/\/isfdcytlblanca-for.infd.edu.ar\/sitio\/wp-content\/uploads\/2018\/08\/complejo_2.jpg\" alt=\"vista complejo 2\" width=\"481\" height=\"322\" border=\"0\" \/>\u00a0\u00a0\u00a0\u00a0\u00a0\u00a0\u00a0\u00a0\u00a0\u00a0\u00a0\u00a0 <\/span><\/div>\n<div style=\"text-align: center;\"><span style=\"font-family: arial,helvetica,sans-serif; font-size: 12pt;\"><span style=\"background-color: #ccffcc;\">Complejo Educativo N\u00b0 1<\/span><\/span><\/div>\n<p><span style=\"font-family: arial,helvetica,sans-serif; font-size: 12pt;\">\u00a0<\/span><\/p>\n<p>El\u00a0 ISFDCyT \u00abPte. Juan Domingo Per\u00f3n\u00bb recibe estudiantes de toda la zona de influencia: localidades\/ciudades de<\/p>\n<p>Clorinda: \u00a0\u00a060 Km. (Ruta Nacional N\u00b0 86)<\/p>\n<p>Laguna Naineck: 17 Km (Ruta Nacional N\u00b0 86)<\/p>\n<p>Riacho He H\u00e9: 28 Km (Ruta Provincial N\u00b02)<\/p>\n<p>Buena Vista: 16 Km (Ruta Nacional N\u00b0 86)<\/p>\n<p>El Espinillo: 38 Km (Ruta Nacional N\u00b0 86)<\/p>\n<p>Misi\u00f3n Tacaagl\u00e9: 66 Km (Ruta Nacional N\u00b0 86)<\/p>\n<p>Villa General Manuel Belgrano: 90 Km (Ruta Nacional N\u00b0 86)<\/p>\n<p>Villa General G\u00fcemes: 141 Km. (Ruta Nacional N\u00b0 86)<\/p>\n<p>&nbsp;<\/p>\n<p>&nbsp;<\/p>\n<p>&nbsp;<\/p>\n<p><span style=\"font-family: arial,helvetica,sans-serif; font-size: 12pt;\">\u00a0\u00a0\u00a0\u00a0\u00a0\u00a0\u00a0\u00a0\u00a0\u00a0\u00a0\u00a0<\/span><span style=\"font-size: 12pt;\"><span style=\"font-family: Times New Roman;\"><strong>\u00a0\u00a0\u00a0\u00a0\u00a0\u00a0\u00a0\u00a0\u00a0<\/strong><\/span><\/span><span style=\"font-size: 12pt;\"><span style=\"font-family: Times New Roman;\"><strong>\u00a0\u00a0\u00a0\u00a0<\/strong><\/span><\/span><\/p>\n<p>&nbsp;<\/p>\n","protected":false},"excerpt":{"rendered":"<p>UBICACI\u00d3N DEL INSTITUTO Laguna Blanca se encuentra \u00a0ubicada en el \u00a0Noreste de la Provincia de Formosa, integra el Departamento Pilcomayo junto a la Ciudad de Clorinda (Ciudad Cabecera\u00a0 del departamento), Riacho He H\u00e9, Laguna Naineck, y la localidad de Siete\u00a0 Palmas conformando una amplia zona de influencia\u00a0 y de articulaci\u00f3n. Entre otras caracter\u00edsticas comunes, que &#8230; <a title=\"Ubicaci\u00f3n\" class=\"read-more\" href=\"https:\/\/isfdcytlblanca-for.infd.edu.ar\/sitio\/ubicacion\/\" aria-label=\"More on Ubicaci\u00f3n\">[+]<\/a><\/p>\n","protected":false},"author":43,"featured_media":0,"parent":0,"menu_order":0,"comment_status":"closed","ping_status":"closed","template":"","meta":[],"acf":[],"_links":{"self":[{"href":"https:\/\/isfdcytlblanca-for.infd.edu.ar\/sitio\/wp-json\/wp\/v2\/pages\/793"}],"collection":[{"href":"https:\/\/isfdcytlblanca-for.infd.edu.ar\/sitio\/wp-json\/wp\/v2\/pages"}],"about":[{"href":"https:\/\/isfdcytlblanca-for.infd.edu.ar\/sitio\/wp-json\/wp\/v2\/types\/page"}],"author":[{"embeddable":true,"href":"https:\/\/isfdcytlblanca-for.infd.edu.ar\/sitio\/wp-json\/wp\/v2\/users\/43"}],"replies":[{"embeddable":true,"href":"https:\/\/isfdcytlblanca-for.infd.edu.ar\/sitio\/wp-json\/wp\/v2\/comments?post=793"}],"version-history":[{"count":5,"href":"https:\/\/isfdcytlblanca-for.infd.edu.ar\/sitio\/wp-json\/wp\/v2\/pages\/793\/revisions"}],"predecessor-version":[{"id":827,"href":"https:\/\/isfdcytlblanca-for.infd.edu.ar\/sitio\/wp-json\/wp\/v2\/pages\/793\/revisions\/827"}],"wp:attachment":[{"href":"https:\/\/isfdcytlblanca-for.infd.edu.ar\/sitio\/wp-json\/wp\/v2\/media?parent=793"}],"curies":[{"name":"wp","href":"https:\/\/api.w.org\/{rel}","templated":true}]}}