{"id":789,"date":"2020-03-30T18:31:31","date_gmt":"2020-03-30T21:31:31","guid":{"rendered":"https:\/\/isfdcytlblanca-for.infd.edu.ar\/sitio\/autoridades\/"},"modified":"2020-03-28T14:49:55","modified_gmt":"2020-03-28T17:49:55","slug":"autoridades","status":"publish","type":"page","link":"https:\/\/isfdcytlblanca-for.infd.edu.ar\/sitio\/autoridades\/","title":{"rendered":"Autoridades"},"content":{"rendered":"<p>&nbsp;<\/p>\n<h1><span style=\"color: #ff0000;\"><strong>\u00bfC\u00f3mo nos organizamos?<\/strong><\/span><\/h1>\n<h3><span style=\"color: #000000;\"><strong><span style=\"color: #000000;\">\u00a0<\/span><\/strong><\/span><\/h3>\n<h3><img decoding=\"async\" loading=\"lazy\" class=\"alignnone size-full wp-image-819\" src=\"https:\/\/isfdcytlblanca-for.infd.edu.ar\/sitio\/wp-content\/uploads\/2020\/03\/ORGANIGRAMA-INSTITUCIONAL-2020-s.jpg\" alt=\"\" width=\"960\" height=\"720\" srcset=\"https:\/\/isfdcytlblanca-for.infd.edu.ar\/sitio\/wp-content\/uploads\/2020\/03\/ORGANIGRAMA-INSTITUCIONAL-2020-s.jpg 960w, https:\/\/isfdcytlblanca-for.infd.edu.ar\/sitio\/wp-content\/uploads\/2020\/03\/ORGANIGRAMA-INSTITUCIONAL-2020-s-768x576.jpg 768w\" sizes=\"(max-width: 960px) 100vw, 960px\" \/><\/h3>\n<h4><span style=\"color: #000000;\"><strong><span style=\"color: #000000;\">Directora:<\/span><\/strong> Prof. Rosa Arca <\/span><\/h4>\n<h3><span style=\"color: #000000;\">Consejo de Direcci\u00f3n<br \/>\n<\/span><\/h3>\n<ul>\n<li>\n<h4><span style=\"color: #cc6600; font-family: Arial; font-size: 12pt;\"><span style=\"color: #cc6600; font-family: Arial;\"><span style=\"color: #000000; font-family: Arial;\"><span style=\"font-family: Arial;\"><span style=\"font-family: Arial;\"><span style=\"color: #cc6600; font-family: Arial;\"><span style=\"color: #000000; font-family: Arial;\"><span style=\"font-family: Arial;\"><span style=\"font-family: Arial;\">Directora<\/span><\/span><\/span><\/span><\/span><\/span><\/span><\/span><\/span><\/h4>\n<\/li>\n<li><span style=\"color: #cc6600; font-family: Arial; font-size: 12pt;\"><span style=\"color: #cc6600; font-family: Arial;\"><span style=\"color: #000000; font-family: Arial;\"><span style=\"font-family: Arial;\"><span style=\"font-family: Arial;\"><span style=\"color: #cc6600; font-family: Arial;\"><span style=\"color: #000000; font-family: Arial;\"><span style=\"font-family: Arial;\"><span style=\"font-family: Arial;\"><strong>Coordinadores Pedag\u00f3gicos de las Carreras.\u00a0\u00a0\u00a0\u00a0\u00a0\u00a0<\/strong><\/span><\/span><\/span><\/span><\/span><\/span><\/span><\/span><\/span><\/li>\n<\/ul>\n<p><span style=\"color: #cc6600; font-family: Arial;\"><span style=\"color: #000000; font-family: Arial;\"><span style=\"font-family: Arial;\"><span style=\"font-family: Arial;\">\u00a0\u00a0\u00a0\u00a0\u00a0\u00a0\u00a0\u00a0 Formaci\u00f3n T\u00e9cnica: Prof. Federico Leger<\/span><\/span><\/span><\/span><\/p>\n<p><span style=\"color: #cc6600; font-family: Arial;\"><span style=\"color: #000000; font-family: Arial;\"><span style=\"font-family: Arial;\"><span style=\"font-family: Arial;\">\u00a0\u00a0\u00a0\u00a0\u00a0\u00a0\u00a0\u00a0 Profesorado de Educaci\u00f3n lnicial: <\/span><\/span><\/span><\/span><span style=\"color: #cc6600; font-family: Arial;\"><span style=\"color: #000000; font-family: Arial;\"><span style=\"font-family: Arial;\"><span style=\"font-family: Arial;\">Lic. Mar\u00eda Esperanza Dieringer\u00a0\u00a0<\/span><\/span><\/span><\/span><\/p>\n<p><span style=\"color: #cc6600; font-family: Arial;\"><span style=\"color: #000000; font-family: Arial;\"><span style=\"font-family: Arial;\"><span style=\"font-family: Arial;\">\u00a0\u00a0\u00a0\u00a0\u00a0\u00a0\u00a0\u00a0 <\/span><\/span><\/span><\/span><span style=\"color: #cc6600; font-family: Arial;\"><span style=\"color: #000000; font-family: Arial;\"><span style=\"font-family: Arial;\"><span style=\"font-family: Arial;\">Profesorado de Educaci\u00f3n Secundaria en Qu\u00edmica: Prof. Diana Leger\u00a0\u00a0\u00a0\u00a0\u00a0\u00a0\u00a0\u00a0\u00a0\u00a0\u00a0<\/span><\/span><\/span><\/span><\/p>\n<p><span style=\"color: #cc6600; font-family: Arial;\"><span style=\"color: #000000; font-family: Arial;\"><span style=\"font-family: Arial;\"><span style=\"font-family: Arial;\">\u00a0\u00a0\u00a0\u00a0\u00a0\u00a0\u00a0\u00a0 <\/span><\/span><\/span><\/span><span style=\"color: #cc6600; font-family: Arial;\"><span style=\"color: #000000; font-family: Arial;\"><span style=\"font-family: Arial;\"><span style=\"font-family: Arial;\">Profesorado de Educaci\u00f3n Superior en Ciencias de la Educaci\u00f3n: Prof. Natalia Asseph<\/span><\/span><\/span><\/span><\/p>\n<ul>\n<li><strong><span style=\"color: #cc6600; font-family: Arial;\"><span style=\"color: #000000; font-family: Arial;\"><span style=\"font-family: Arial;\"><span style=\"font-family: Arial;\">Equipo Docente: <\/span><\/span><\/span><\/span><\/strong><span style=\"color: #cc6600; font-family: Arial;\"><span style=\"color: #000000; font-family: Arial;\"><span style=\"font-family: Arial;\"><span style=\"font-family: Arial;\">Lic. Norma Silvia Qui\u00f1onez<br \/>\n<\/span><\/span><\/span><\/span><\/li>\n<\/ul>\n<ul>\n<li><strong>\u00a0Sector Administrativo:<\/strong> Walter Bogado<\/li>\n<\/ul>\n<p>&nbsp;<\/p>\n<p>&nbsp;<\/p>\n<ul>\n<li style=\"list-style-type: none;\"><span style=\"font-size: 12pt;\"><em>Horario de atenci\u00f3n de Secretar\u00eda<\/em>: lun \/ vie, de 17:30 a 22:30 hs.<\/span><\/li>\n<\/ul>\n<p><span style=\"color: #cc6600; font-family: Arial;\"><span style=\"color: #000000; font-family: Arial;\"><span style=\"font-family: Arial;\"><span style=\"font-family: Arial;\">\u00a0<\/span><\/span><\/span><\/span><\/p>\n<p><span style=\"color: #cc6600; font-family: Arial;\"><span style=\"color: #000000; font-family: Arial;\"><span style=\"font-family: Arial;\"><span style=\"font-family: Arial;\">La unidad organizacional es: Carreras de Formaci\u00f3n Docente, Formaci\u00f3n T\u00e9cnica y Proyectos. Este encuadre posibilita el dise\u00f1o de acciones inherentes a las tres funciones b\u00e1sicas de la Formaci\u00f3n Docente Continua.<\/span><\/span><\/span><\/span><\/p>\n<p><span style=\"color: #cc6600; font-family: Arial;\"><span style=\"color: #cc6600; font-family: Arial;\"><span style=\"font-family: Arial;\"><span style=\"font-family: Arial;\"><span style=\"font-family: Arial;\"><span style=\"font-family: Arial;\"><span style=\"font-family: Arial;\"><span style=\"font-family: Arial;\">\u00a0<\/span><\/span><\/span><\/span><\/span><\/span><\/span><\/span><\/p>\n<p>&nbsp;<\/p>\n","protected":false},"excerpt":{"rendered":"<p>&nbsp; \u00bfC\u00f3mo nos organizamos? \u00a0 Directora: Prof. Rosa Arca Consejo de Direcci\u00f3n Directora Coordinadores Pedag\u00f3gicos de las Carreras.\u00a0\u00a0\u00a0\u00a0\u00a0\u00a0 \u00a0\u00a0\u00a0\u00a0\u00a0\u00a0\u00a0\u00a0 Formaci\u00f3n T\u00e9cnica: Prof. Federico Leger \u00a0\u00a0\u00a0\u00a0\u00a0\u00a0\u00a0\u00a0 Profesorado de Educaci\u00f3n lnicial: Lic. Mar\u00eda Esperanza Dieringer\u00a0\u00a0 \u00a0\u00a0\u00a0\u00a0\u00a0\u00a0\u00a0\u00a0 Profesorado de Educaci\u00f3n Secundaria en Qu\u00edmica: Prof. Diana Leger\u00a0\u00a0\u00a0\u00a0\u00a0\u00a0\u00a0\u00a0\u00a0\u00a0\u00a0 \u00a0\u00a0\u00a0\u00a0\u00a0\u00a0\u00a0\u00a0 Profesorado de Educaci\u00f3n Superior en Ciencias de la Educaci\u00f3n: Prof. Natalia &#8230; <a title=\"Autoridades\" class=\"read-more\" href=\"https:\/\/isfdcytlblanca-for.infd.edu.ar\/sitio\/autoridades\/\" aria-label=\"More on Autoridades\">[+]<\/a><\/p>\n","protected":false},"author":43,"featured_media":0,"parent":0,"menu_order":0,"comment_status":"closed","ping_status":"closed","template":"","meta":[],"acf":[],"_links":{"self":[{"href":"https:\/\/isfdcytlblanca-for.infd.edu.ar\/sitio\/wp-json\/wp\/v2\/pages\/789"}],"collection":[{"href":"https:\/\/isfdcytlblanca-for.infd.edu.ar\/sitio\/wp-json\/wp\/v2\/pages"}],"about":[{"href":"https:\/\/isfdcytlblanca-for.infd.edu.ar\/sitio\/wp-json\/wp\/v2\/types\/page"}],"author":[{"embeddable":true,"href":"https:\/\/isfdcytlblanca-for.infd.edu.ar\/sitio\/wp-json\/wp\/v2\/users\/43"}],"replies":[{"embeddable":true,"href":"https:\/\/isfdcytlblanca-for.infd.edu.ar\/sitio\/wp-json\/wp\/v2\/comments?post=789"}],"version-history":[{"count":8,"href":"https:\/\/isfdcytlblanca-for.infd.edu.ar\/sitio\/wp-json\/wp\/v2\/pages\/789\/revisions"}],"predecessor-version":[{"id":803,"href":"https:\/\/isfdcytlblanca-for.infd.edu.ar\/sitio\/wp-json\/wp\/v2\/pages\/789\/revisions\/803"}],"wp:attachment":[{"href":"https:\/\/isfdcytlblanca-for.infd.edu.ar\/sitio\/wp-json\/wp\/v2\/media?parent=789"}],"curies":[{"name":"wp","href":"https:\/\/api.w.org\/{rel}","templated":true}]}}