{"id":766,"date":"2018-08-30T18:31:25","date_gmt":"2018-08-30T21:31:25","guid":{"rendered":"https:\/\/isfdcytlblanca-for.infd.edu.ar\/sitio\/formacion-docente-inicial\/"},"modified":"2021-03-12T15:03:41","modified_gmt":"2021-03-12T18:03:41","slug":"formacion-docente-inicial","status":"publish","type":"page","link":"https:\/\/isfdcytlblanca-for.infd.edu.ar\/sitio\/formacion-docente-inicial\/","title":{"rendered":"Formacion Docente Inicial"},"content":{"rendered":"<p><strong><span style=\"color: #006699;\"><span style=\"color: #cc0000; font-family: arial,helvetica,sans-serif; font-size: small;\">DEPARTAMENTO DE FORMACI\u00d3N DOCENTE INICIAL<\/span><\/span><\/strong><\/p>\n<p><span style=\"color: #000000; font-family: arial,helvetica,sans-serif; font-size: small;\"><strong>Coordinaci\u00f3n:<\/strong><\/span><span style=\"color: #000000; font-family: arial,helvetica,sans-serif; font-size: small;\"> Prof. Natalia Asseph<br \/>\n<\/span><\/p>\n<h1 align=\"right\"><span style=\"font-family: book antiqua,palatino;\"><span style=\"font-size: small;\"><span style=\"color: #000000;\"><em>\u201cLa formaci\u00f3n docente tiene la finalidad de preparar profesionales capaces de ense\u00f1ar, generar y transmitir los conocimientos y valores necesarios para la formaci\u00f3n integral de las personas, el desarrollo nacional <\/em><\/span><em><span style=\"color: #000000;\">y la construcci\u00f3n de una sociedad m\u00e1s justa. <\/span> <span style=\"color: #000000;\">Promover\u00e1 la construcci\u00f3n de la identidad docente basada en la autonom\u00eda profesional, el v\u00ednculo con la cultura y la sociedad contempor\u00e1nea, <\/span><span style=\"color: #000000;\">el trabajo en equipo, <\/span><span style=\"color: #000000;\">el compromiso con la igualdad <\/span><span style=\"color: #000000;\">y la confianza <\/span><\/em><\/span><\/span><span style=\"color: #000000;\"><span style=\"font-family: book antiqua,palatino; font-size: small;\"><em>en las posibilidades de los alumnos\/as\u201d<br \/>\n<\/em><\/span><\/span><span style=\"color: #000000;\"><span style=\"font-family: book antiqua,palatino; font-size: small;\"><em>(Ley Nac. de Educ., Art. 71)<br \/>\n<\/em><\/span><\/span><\/h1>\n<p>&nbsp;<\/p>\n<p><span style=\"font-size: small;\"><span style=\"color: #000000;\"><span style=\"font-family: arial,helvetica,sans-serif;\"><strong>Objetivos del Departamento:<\/strong> En el marco de la ley Nacional de Educaci\u00f3n, como <\/span><\/span><\/span><span style=\"font-size: small;\"><span style=\"color: #000000;\"><span style=\"font-family: arial,helvetica,sans-serif;\">unidad <\/span><\/span><\/span><span style=\"font-size: small;\"><span style=\"color: #000000;\"><span style=\"font-family: arial,helvetica,sans-serif;\">educativa, desde su Proyecto Educativo Institucional el ISFD, se propone:<\/span><\/span><\/span><\/p>\n<ul>\n<li><span style=\"color: #000000; font-family: arial,helvetica,sans-serif;\"><span style=\"font-size: small;\"><span style=\"font-family: arial,helvetica,sans-serif;\">Ofrecer carreras de formaci\u00f3n docente de grado atendiendo a la demanda y a la disponibilidad del sistema, a partir de la conformaci\u00f3n de<\/span> equipos ad hoc para dar respuestas a las funciones asumidas.<\/span><\/span><\/li>\n<li><span style=\"color: #000000; font-family: arial,helvetica,sans-serif; font-size: small;\">Organizar y coordinar acciones de la Formaci\u00f3n Docente Inicial, a fin de optimizar las tareas del equipo docente.<\/span><\/li>\n<li><span style=\"color: #000000; font-family: arial,helvetica,sans-serif; font-size: small;\">Analizar, evaluar y revisar permanentemente los procesos de formaci\u00f3n docente.<\/span><\/li>\n<li>\n<div align=\"left\"><span style=\"color: #000000;\"><span style=\"font-family: arial,helvetica,sans-serif; font-size: small;\">Promover la integraci\u00f3n institucional para lograr la articulaci\u00f3n de las tres funciones de la instituci\u00f3n.<\/span><\/span><\/div>\n<\/li>\n<\/ul>\n<p>&nbsp;<\/p>\n<p>&nbsp;<\/p>\n<div align=\"left\">\n<div align=\"center\">\n<pre><\/pre>\n<\/div>\n<pre><\/pre>\n<pre><span style=\"color: #000000;\"><span style=\"font-size: small;\"><span style=\"font-family: arial,helvetica,sans-serif;\"><strong>\u00a0<\/strong><\/span><\/span><\/span><\/pre>\n<\/div>\n<p>&nbsp;<\/p>\n<p><strong><u><span style=\"font-size: 10pt; font-family: Arial;\">\u00a0<\/span><\/u><\/strong><\/p>\n<pre><\/pre>\n<p>&nbsp;<\/p>\n<p>&nbsp;<\/p>\n<p class=\"MsoNormal\" style=\"margin: 0cm 0cm 0pt;\">\n","protected":false},"excerpt":{"rendered":"<p>DEPARTAMENTO DE FORMACI\u00d3N DOCENTE INICIAL Coordinaci\u00f3n: Prof. Natalia Asseph \u201cLa formaci\u00f3n docente tiene la finalidad de preparar profesionales capaces de ense\u00f1ar, generar y transmitir los conocimientos y valores necesarios para la formaci\u00f3n integral de las personas, el desarrollo nacional y la construcci\u00f3n de una sociedad m\u00e1s justa. Promover\u00e1 la construcci\u00f3n de la identidad docente basada &#8230; <a title=\"Formacion Docente Inicial\" class=\"read-more\" href=\"https:\/\/isfdcytlblanca-for.infd.edu.ar\/sitio\/formacion-docente-inicial\/\" aria-label=\"More on Formacion Docente Inicial\">[+]<\/a><\/p>\n","protected":false},"author":43,"featured_media":0,"parent":0,"menu_order":0,"comment_status":"closed","ping_status":"closed","template":"","meta":[],"acf":[],"_links":{"self":[{"href":"https:\/\/isfdcytlblanca-for.infd.edu.ar\/sitio\/wp-json\/wp\/v2\/pages\/766"}],"collection":[{"href":"https:\/\/isfdcytlblanca-for.infd.edu.ar\/sitio\/wp-json\/wp\/v2\/pages"}],"about":[{"href":"https:\/\/isfdcytlblanca-for.infd.edu.ar\/sitio\/wp-json\/wp\/v2\/types\/page"}],"author":[{"embeddable":true,"href":"https:\/\/isfdcytlblanca-for.infd.edu.ar\/sitio\/wp-json\/wp\/v2\/users\/43"}],"replies":[{"embeddable":true,"href":"https:\/\/isfdcytlblanca-for.infd.edu.ar\/sitio\/wp-json\/wp\/v2\/comments?post=766"}],"version-history":[{"count":2,"href":"https:\/\/isfdcytlblanca-for.infd.edu.ar\/sitio\/wp-json\/wp\/v2\/pages\/766\/revisions"}],"predecessor-version":[{"id":879,"href":"https:\/\/isfdcytlblanca-for.infd.edu.ar\/sitio\/wp-json\/wp\/v2\/pages\/766\/revisions\/879"}],"wp:attachment":[{"href":"https:\/\/isfdcytlblanca-for.infd.edu.ar\/sitio\/wp-json\/wp\/v2\/media?parent=766"}],"curies":[{"name":"wp","href":"https:\/\/api.w.org\/{rel}","templated":true}]}}